-2)?
16
Let b(l) = -24 + 270*l - l**3 - 75*l + 10*l**2 - 84*l - 98*l. Give b(11).
-2
Let m(o) = 3 + 4*o**2 - o**3 + 57*o - 117*o + 58*o. Let j = 11 - 4. Suppose -2*k - 2*h - 11 = -7*k, 5*k - 4*h = j. What is m(k)?
6
Suppose -h = 3*h - 2*h. Let x(u) = -2 + 11*u**2 + 6 - 7*u**2 - 7*u**2 + 6*u**2. What is x(h)?
4
Let a(l) = l**2 - 9*l - 11. Let z(k) = -2*k**2 + 18*k + 23. Let y(j) = 5*a(j) + 3*z(j). Let q = 74 + -63. Calculate y(q).
-8
Let t(d) = -d**2 - d. Suppose 0 = 11*z - 241 - 276. Let u = z + -33. Let k be ((-2)/4)/((-7)/u)*1. Calculate t(k).
-2
Let f = -784 + 784. Let t(x) = -x**2 + 10. Let u be t(3). Let b(m) = m**2 - 4 - 7 + u + 0. Determine b(f).
-10
Let n = 54628 - 54634. Let m(f) = 0*f**2 + 4 - f**3 - 6*f**2 + f**2 + 4*f. Determine m(n).
16
Let v(i) = 3*i**2 + 4*i + 4. Let d(n) = -3*n - 3. Suppose 42*c = 57*c. Let f be d(c). Determine v(f).
19
Suppose 4*u + 4*f = 3*f + 69, -4*u + f = -67. Let c(n) = -24*n - 13 - 12*n**2 - u*n - 20*n + 49*n - n**3. Give c(-11).
-2
Let b(d) = -8*d**2 + 6*d - 5. Let r(f) = -491*f - 2945. Let l be r(-6). Give b(l).
-7
Suppose 2*a - 6*v + 423 = -3*v, -2*a + 5*v = 433. Let k be a/(-85)*(2 - 7). Let c(u) = u**2 + 15*u + 17. Give c(k).
-19
Let h(o) = o**2 - o - 4. Let w = 476 - 552. Let a = w - -79. Determine h(a).
2
Let o(t) = t**3 - 4*t**2 + 4*t + 4. Let u = 378 + -459. Let m = 85 + u. Calculate o(m).
20
Let z(h) = 26*h + 213. Let x = -42166 + 42158. Calculate z(x).
5
Let r(a) = 59*a + 124. Let b be r(-2). Let o(u) = 7*u + 8 - 3 - u**2 + 0. Calculate o(b).
11
Let s(k) = k**2 + 2*k - 1. Suppose -4*p = -3*y + 20, -20 = -11*y + 14*y + 4*p. Suppose -3*l - 6 = 5*m - 2*m, y = 2*m. What is s(l)?
-1
Let u(i) = 2*i - 6. Let a(n) = -80 + 80 + 3*n - 4*n. Let w(g) = -3*a(g) - u(g). What is w(-4)?
2
Suppose 3*g - 9 = 11*u - 6*u, -4*u = -g + 3. Let c(r) = 14*r - 6. Determine c(g).
36
Let r = 0 - -43. Let u(c) = c - 2*c + r - 41. What is u(7)?
-5
Suppose 0 = 2*o - 313 + 41. Suppose o*h - 114 = 155*h. Let p(b) = -b**2 - 5*b + 13. Calculate p(h).
7
Let m(a) = -17*a + 0*a + 6*a + 4*a + 25. Calculate m(14).
-73
Suppose 90 = g + 88. Let b(n) = n**g + 6*n**2 - 860 + n**3 - n + n + 851. Determine b(-7).
-9
Let v(c) be the third derivative of -c**4/6 + 8*c**3/3 + 248*c**2 + 15*c. What is v(0)?
16
Let h(l) = -3*l**3 - 25*l**2 + 15*l + 197. Let c be h(-8). Let q(s) = -s**3 + 12*s**2 + 5*s + 18. Give q(c).
-86
Let x = -2452 + 2454. Let d(s) = 5*s**2 + 1. Let k(j) = j - 1. Let y(g) = d(g) + 2*k(g). Determine y(x).
23
Let r(k) = -k**3 + 3*k**2 + 4*k - 7. Let a(m) = -4*m - 132. Let g be a(-34). What is r(g)?
-7
Let y(z) = z - 2. Let v be -2*(8/(-2) + 2). Suppose -3*g = 4*a - 11 - 13, 4 = v*a - 2*g. Suppose a*n = n + 3*o, 8 = 4*n - 4*o. What is y(n)?
4
Let o(z) = -z - 17. Let w be 323 - (-32)/24*6. Let k = -347 + w. Calculate o(k).
-1
Let s(u) be the second derivative of u**4/12 + 8*u**3/3 + 57*u**2/2 + 468*u + 2. Determine s(-9).
-6
Let m(j) = -j**2 + 3*j + 30. Let w = -1470 - -1478. Calculate m(w).
-10
Let w be (32/20)/(6/15). Suppose 3*m - w*u - 11 = 0, -8*u + 4*u = -2*m + 10. Let g(d) be the first derivative of -5*d**2 + d + 171. Determine g(m).
-9
Let o(d) = 7*d + 29. Let m = -9314 + 9309. Calculate o(m).
-6
Suppose -2*r = -2*a + 70, -r = 3 + 1. Let b(m) = a - 3*m - 4*m**2 - 28 - 8*m**2 + 14*m**2 - m**2. Give b(3).
3
Let w = -20 - -14. Let r(a) = a**2 + 10*a + 14. Let x be r(-9). Let c(i) = i**3 + 6*i + 5*i**2 + 2 + 2 + x*i - 18*i. Give c(w).
10
Let t(c) = 6*c - 7. Let q(j) = -242*j**3 - 2*j**2 - 2*j - 1. Let a be q(-1). Let k = -235 + a. What is t(k)?
29
Let s(u) be the third derivative of u**5/20 - 25*u**4/24 - 5*u**3/2 + 369*u**2. What is s(9)?
3
Let c(l) = -l**3 + 9*l**2 - 3*l - 48. Let y = 3889 + -3881. Calculate c(y).
-8
Suppose 5*k + 5 - 23 = 2*l, k - 4*l - 18 = 0. Let x(c) = 4*c - 12*c**2 + 0*c**2 + 8*c**2 + 5 + k*c**2. Determine x(4).
-11
Let g(w) = 13 - 5 - 6 - 4*w**2 - 3. Let o = 157 - 156. What is g(o)?
-5
Let b(r) = 4*r**2 - 13*r + 5. Let q be b(3). Let z(w) = 7 - 12*w + 26*w - 10*w + 2*w**q. Determine z(-5).
37
Let l(g) be the third derivative of 11/30*g**6 - 1/30*g**5 - 1/24*g**4 + 0*g + 0 + 106*g**2 + 0*g**3. Give l(-1).
-45
Let d be (6/11)/((-186)/(-10230)). Let a(u) = u**3 - 31*u**2 + 32*u - 52. What is a(d)?
8
Suppose 3*c + 5*d = 8 + 10, d = 0. Let y(s) be the first derivative of -s**3/6 - 3*s**2/2 + 16*s + 35. Let l(q) be the first derivative of y(q). Give l(c).
-9
Let r = -4 + 8. Let s(o) be the first derivative of -o**4/4 + 4*o**3/3 + o**2/2 - 2*o + 37358. Determine s(r).
2
Let i(q) be the second derivative of 5*q**3/6 - 3*q**2/2 + 2485*q. Calculate i(-1).
-8
Let i(d) = -3*d**3 + 24*d**2 + 21*d + 47. Let j(n) = -5*n**3 + 48*n**2 + 43*n + 93. Let k(x) = -7*i(x) + 4*j(x). Let q = -346710 + 346687. Calculate k(q).
-3
Let a(y) = y - 14. Let l be (-2)/12 - 19/(-6). Let d = 15 - l. Suppose -d*k = -17*k. Calculate a(k).
-14
Let h be -2*(-2 + -7 + -1). Let v(g) = 5*g + 12*g + 5 - g**2 - h*g. What is v(-5)?
-5
Let s(t) = 13 + 125*t + 117*t + 123*t + t**2 - 361*t. Determine s(-5).
18
Suppose 2*n = -2*z + 4, -n + 3*z = 2*n + 12. Let r(p) = 8*p**2 - p - 2. Let c be r(n). Suppose 0 = 7*w + c*w + 42. Let g(h) = h**2 + 5*h + 2. What is g(w)?
-4
Let f = 23750 - 23762. Let g(t) = 2*t - 30. Calculate g(f).
-54
Let o(s) = s**2 + 9*s - 26. Let l = 20535 - 20545. Give o(l).
-16
Suppose 0 = -9*q + 21*q + 24. Let z(s) = 4*s + 1. Let y(u) = 0 + 3 + u - 2. Let a(t) = q*z(t) + 6*y(t). Give a(3).
-2
Suppose -2*k - 5 = -m - 4, -3*k + 5*m + 9 = 0. Let a(q) = -q**3 - 3*q**2 + 3*q + 7. What is a(k)?
-3
Let d(v) = -92*v**3 - 15*v**2 - 7*v - 7. Let n(u) = -61*u**3 - 14*u**2 - 6*u - 6. Let z(a) = 2*d(a) - 3*n(a). Calculate z(12).
52
Suppose 0 = 4*h - 12 - 32. Let t = h - 16. Let z(y) be the third derivative of y**4/24 + 2*y**3/3 - 5*y**2. Give z(t).
-1
Let r(q) be the first derivative of -q**5/20 + q**4/3 + q**3/3 - q**2/2 + 8*q - 214. Let m(o) be the first derivative of r(o). What is m(3)?
14
Suppose -x = 2*b - 5, -18*x + 15 = -16*x + 5*b. Let g(s) = -s**3 - 4*s**2 + 15*s + 56. Calculate g(x).
6
Let p = 3 - 3. Let h(r) be the first derivative of -r**3/3 - 6*r - 4237. Determine h(p).
-6
Suppose 0 = -5*w - 5*r + 6*r + 49, 5*r + 47 = 3*w. Let l(k) = 19*k**3 - 6 - 5*k + 7*k - 2*k**2 - 4 + w. Calculate l(1).
18
Let u = -9109 + 9106. Let z(c) = c**2 - 15*c - 56. Determine z(u).
-2
Let q(l) = -100982 - 15*l + 100992 + 4*l. Calculate q(7).
-67
Let g(r) = -r**2 + 3928*r - 3928*r - r**2 + 20*r**3 + 1. Let c = -20 + 21. Give g(c).
19
Let v(o) = o. Suppose -3*f = -15 + 3. Let a(x) = 3 - f*x**3 - 3 + 7*x**3. Let m be a(-1). Calculate v(m).
-3
Let u(c) = c**2 + 6*c - 5. Let x be u(-8). Let g(q) be the second derivative of -q**3/2 + 5*q**2/2 - q + 195. What is g(x)?
-28
Suppose t + 2140 = 2130. Let p be 1 - (5 + -4 + -7 - t). Let h(n) = -12*n - 3. Calculate h(p).
33
Let t(a) be the second derivative of -a**4/3 + a**3/6 + 17*a**2 + a + 2742. Give t(-3).
-5
Let a(c) be the second derivative of -c**5/10 + 7*c**4/12 + 3*c**2/2 + 7*c + 29. Calculate a(5).
-72
Suppose 57*d + 4 = 61. Let s(o) = 7*o**3 + 4*o**2 - 4*o - 5. Let v(u) = -8*u**3 - 5*u**2 + 5*u + 6. Let q(y) = -5*s(y) - 4*v(y). Determine q(d).
-2
Suppose 0*l + 26 = 2*h + 4*l, 5*l - 34 = -3*h. Suppose 2*i = -h*i - 25. Let f(s) = 33 - 55 + 15 - s**3 - 6*s**2 - 3*s. Determine f(i).
-17
Let z(k) = k**3 - 14*k**2 + 2*k - 21. Suppose y + 4*w - 6 = 0, 2*y = -3*w + 27 - 5. Let o be z(y). Let r(a) = 6 - a**2 + 4*a + o*a - 19*a. Calculate r(-7).
13
Let l be -4*-1*(-3)/(-6). Suppose 3*c - 3*u - 18 = -0*c, -l*c + u + 8 = 0. Let h(f) = -5*f**2 + 2*f. What is h(c)?
-16
Let p(c) = -c**3 + 4*c**2 + 7*c - 10. Let q(g) = -2*g**2 + 18*g - 3. Let t be q(9). Let h(u) = -u**3 + 4*u**2 + 7*u - 11. Let z(o) = t*h(o) + 2*p(o). Give z(5).
3
Let x(o) = -15*o - 11*o + 1 - 21*o + 55*o. Let r(c) = 3*c. Let f(l) = -5*r(l) + 2*x(l). Determine f(-8).
-6
Let x(j) = -j**3 - 8*j**2 + 11*j + 7. Let z be x(-8). Let r = 83 + z. Let c(g) = -g + 41*g**2 - r + 38*g**2 + 42*g**2 - 119*g**2. Calculate c(2).
4
Let m = 7138 + -7120. Let a(r) = r**3 - 17*r**2 - 19*r + 28. Determine a(m).
10
Let d(j) be the first derivative of -2*j + 2*j**2 + 1/4*j**4 + 2*j**3 + 24. Determine d(-6).
-26
Let r(z) = -z**3 + 17*z**2 - 36*z + 83. Let w(p) = -219*p + 